{"id":24,"date":"2025-05-19T14:35:57","date_gmt":"2025-05-19T14:35:57","guid":{"rendered":"https:\/\/cesar.resinfo.org\/wordpress\/?page_id=24"},"modified":"2025-10-29T12:50:28","modified_gmt":"2025-10-29T12:50:28","slug":"cesar-cest-quoi-cest-qui","status":"publish","type":"page","link":"https:\/\/cesar.resinfo.org\/wordpress\/","title":{"rendered":"CESAR c&#8217;est quoi, c&#8217;est qui ?"},"content":{"rendered":"\n<p><strong>Comment est n\u00e9 le r\u00e9seau <a href=\"http:\/\/cesar.resinfo.org\/\">CESAR<\/a>&nbsp;? Comment est-il organis\u00e9&nbsp;?<\/strong><\/p>\n\n\n\n<p>Le r\u00e9seau <a href=\"http:\/\/cesar.resinfo.org\/\">CESAR<\/a> est n\u00e9 de la fusion, en 2007, de deux listes de diffusions, qui d\u00e9limitaient des communaut\u00e9s plut\u00f4t CNRS (siars-dr12) et plut\u00f4t universitaires (sysadm). Parmis les premiers animateurs, qui ont \u00e9t\u00e9 repr\u00e9sentants de <a href=\"http:\/\/cesar.resinfo.org\/\">CESAR<\/a> aupr\u00e8s de <a href=\"https:\/\/resinfo.org\/\">RESINFO<\/a>, ont peut citer Maurice Libes, G\u00e9rard Milhaud et Olivier Pag\u00e9. <\/p>\n\n\n\n<h2 class=\"wp-block-heading\">Objectifs du r\u00e9seau CESAR<\/h2>\n\n\n\n<p>Le r\u00e9seau CESAR est un r\u00e9seau m\u00e9tier des administrateurs syst\u00e8mes et r\u00e9seaux et gestionnaires d\u2019infrastructures de mat\u00e9riels informatiques et num\u00e9riques polaris\u00e9 sur la r\u00e9gion Provence. Ses objectifs sont de :<\/p>\n\n\n\n<ul class=\"wp-block-list\">\n<li>mettre \u00e0 disposition des moyens de communication :<br>\u25e6 de type discussion via des \u00e9changes interactifs (liste de mail) ;<br>\u25e6 de type p\u00e9renne collaboratif (ex. site web https:\/\/cesar.resinfo.org\/ ) ;<\/li>\n\n\n\n<li>organiser des \u00e9v\u00e9nements pour :<br>\u25e6 la pr\u00e9sentation de r\u00e9alisations et de savoir faire ;<br>\u25e6 faciliter les contacts directs et les rencontres ;<br>\u25e6 faciliter les \u00e9changes entre acteurs du domaine public et priv\u00e9.<\/li>\n\n\n\n<li>recenser les besoins en formation et organiser des actions de formation<\/li>\n<\/ul>\n\n\n\n<p><strong>Que sont donc les VVTs&nbsp;?<\/strong><\/p>\n\n\n\n<p>La journ\u00e9e VVTs pour Veni, Vidi, Trinqui, est organis\u00e9e une fois par an. Elle a pour r\u00f4le de r\u00e9unir pendant une journ\u00e9e les personnes ASR qui souhaitent se retrouver pour \u00e9changer sur des sujets techniques. Depuis 2008 cette journ\u00e9e rencontre un franc succ\u00e8s&nbsp;: nous comptons tous les ans une cinquantaine de participants, et avons le soutien d\u2019entreprises partenaires. Nous sollicitons, aupr\u00e8s des membres du r\u00e9seau, des pr\u00e9sentations sur des sujets d\u2019actualit\u00e9s, et concoctons un programme en regroupant ensuite les interventions par th\u00e9matiques. C\u2019est aussi une journ\u00e9e conviviale, o\u00f9 tous les agents peuvent se retrouver et \u00e9changer, des stagiaires aux responsables informatiques.<\/p>\n\n\n\n<p><strong>Quelles sont les autres actions propos\u00e9es par <a href=\"http:\/\/cesar.resinfo.org\/\">CESAR<\/a>&nbsp;?<\/strong><\/p>\n\n\n\n<p>Nous organisons aussi, en fonction des demandes, des sollicitations, et des possibilit\u00e9s, d\u2019autres \u00e9v\u00e9nements. Nous sollicitons des membres du r\u00e9seau pour organiser des formations sur des sujets sur lesquels ils peuvent nous faire profiter de leur exp\u00e9rience (FreeBSD, Samba4, Proxmox, ZFS, &#8230;). Nous pouvons aussi faire intervenir des fournisseurs sur des sujets sp\u00e9cifiques sur lesquels nous n\u2019avons pas d\u2019expertise, ou organiser des journ\u00e9es ou demi-journ\u00e9es th\u00e9matiques, sur un sujet ou une technologie.<\/p>\n\n\n\n<p><strong>Avez-vous des coop\u00e9rations avec d\u2019autres partenaires&nbsp;?<\/strong><\/p>\n\n\n\n<p>Le r\u00e9seau <a href=\"http:\/\/cesar.resinfo.org\/\">CESAR<\/a> est, historiquement, un r\u00e9seau d\u2019administrateurs syst\u00e8me. Il y a quelques ann\u00e9es, les d\u00e9veloppeurs locaux ont cr\u00e9\u00e9 un r\u00e9seau r\u00e9gional <a href=\"https:\/\/www.prodev.cnrs.fr\/\">proDEV<\/a> dont certains d\u2019entre nous adh\u00e9rent \u00e9galement. <\/p>\n\n\n\n<p><strong>Quel avenir pour <a href=\"http:\/\/cesar.resinfo.org\/\">CESAR<\/a>&nbsp;?<\/strong><\/p>\n\n\n\n<p>Le comit\u00e9 d\u2019animation du r\u00e9seau est d\u00e9sormais composer de 10 membres actifs. La dynamique est lanc\u00e9e ! <\/p>\n","protected":false},"excerpt":{"rendered":"<p>Comment est n\u00e9 le r\u00e9seau CESAR&nbsp;? Comment est-il organis\u00e9&nbsp;? Le r\u00e9seau CESAR est n\u00e9 de la fusion, en 2007, de deux listes de diffusions, qui d\u00e9limitaient des communaut\u00e9s plut\u00f4t CNRS (siars-dr12) et plut\u00f4t universitaires (sysadm). Parmis les premiers animateurs, qui ont \u00e9t\u00e9 repr\u00e9sentants de CESAR aupr\u00e8s de RESINFO, ont peut citer Maurice Libes, G\u00e9rard Milhaud [&hellip;]<\/p>\n","protected":false},"author":2,"featured_media":0,"parent":0,"menu_order":0,"comment_status":"closed","ping_status":"closed","template":"","meta":{"footnotes":""},"class_list":["post-24","page","type-page","status-publish","hentry","entry"],"_links":{"self":[{"href":"https:\/\/cesar.resinfo.org\/wordpress\/index.php\/wp-json\/wp\/v2\/pages\/24","targetHints":{"allow":["GET"]}}],"collection":[{"href":"https:\/\/cesar.resinfo.org\/wordpress\/index.php\/wp-json\/wp\/v2\/pages"}],"about":[{"href":"https:\/\/cesar.resinfo.org\/wordpress\/index.php\/wp-json\/wp\/v2\/types\/page"}],"author":[{"embeddable":true,"href":"https:\/\/cesar.resinfo.org\/wordpress\/index.php\/wp-json\/wp\/v2\/users\/2"}],"replies":[{"embeddable":true,"href":"https:\/\/cesar.resinfo.org\/wordpress\/index.php\/wp-json\/wp\/v2\/comments?post=24"}],"version-history":[{"count":15,"href":"https:\/\/cesar.resinfo.org\/wordpress\/index.php\/wp-json\/wp\/v2\/pages\/24\/revisions"}],"predecessor-version":[{"id":176,"href":"https:\/\/cesar.resinfo.org\/wordpress\/index.php\/wp-json\/wp\/v2\/pages\/24\/revisions\/176"}],"wp:attachment":[{"href":"https:\/\/cesar.resinfo.org\/wordpress\/index.php\/wp-json\/wp\/v2\/media?parent=24"}],"curies":[{"name":"wp","href":"https:\/\/api.w.org\/{rel}","templated":true}]}}